et p = -30 - t. Suppose 0 = 11*o - p*o + 200. What are the prime factors of o?
2, 5
Suppose -52 = -128*m + 126*m. Suppose -3*h + m = 2*y, -3*y + 64 - 24 = 5*h. Suppose 0 = y*g - 19*g + 1449. List the prime factors of g.
7, 23
Suppose 0 = -7*v - 551 - 422. Let l = v + 330. What are the prime factors of l?
191
Let p be 54 - (-3 + 5 + 4/(-2)). Let w = p - 49. Suppose -2*b - o = -2*o - 93, w*o = -15. List the prime factors of b.
3, 5
Suppose -76*q - 43*q = -344981. What are the prime factors of q?
13, 223
Let h(g) = 6*g + 5. Let o(y) = -11*y - 10. Let a(q) = 10*h(q) + 6*o(q). Let c be a(3). Let u = 211 - c. What are the prime factors of u?
239
Let j(t) = -t**2 + 22*t - 1. Let h be j(22). Let w(x) = -19*x**3 + 2*x + 1. Let q be w(h). What are the prime factors of (-52)/6*(-27)/q?
13
Suppose -3*t = -y - 2*y + 24, -3*y + 36 = 3*t. Suppose y*k = 20 + 10. List the prime factors of 1 + 2 - (-16 - k).
2, 11
Let r be (-4)/(16/212) - (-4)/2. Let m = 48 + r. What are the prime factors of -1*(-30 + 3/m)?
31
Suppose 0 = -6*k - 9*k + 75. Suppose x + 3*x - k*z - 443 = 0, 15 = 3*z. What are the prime factors of x?
3, 13
List the prime factors of (-2855)/(-5*208/720 - (-4)/9).
5, 571
Suppose -u + 20 = 31. Let w(o) = -o**3 - 9*o**2 + 24*o + 5. Let b be w(u). Let n = 66 - b. List the prime factors of n.
83
Let s be ((-12)/(-5))/(((-18)/30)/3). Let f(p) = -30*p - 46. List the prime factors of f(s).
2, 157
Suppose 0 = 2717*s - 2720*s + 21156. What are the prime factors of s?
2, 41, 43
What are the prime factors of (532/(-21))/(4/(-888))?
2, 19, 37
Let g = -629 - -631. Suppose 4382 = -42*z + 45*z - 5*h, 0 = g*z + 3*h - 2896. What are the prime factors of z?
2, 727
Let b(g) = -106*g**3 + 46*g**2 + 159*g + 5. List the prime factors of b(-3).
2, 701
Suppose -18*n = -5*n. Suppose 1568 = -n*z + 4*z. What are the prime factors of z?
2, 7
List the prime factors of ((-6)/5)/(339/(-10961)*(-2)/(-1395)).
3, 31, 97
Suppose -31 + 447 = 32*t. What are the prime factors of (-13)/(t/(-1490)) + -3 + 1?
2, 3, 31
Let h = 131 + -126. Suppose h*d - 2*u + 5 = 0, 2*d - 2*u + 4 = -4. List the prime factors of (2169/36)/(-2*d/(-8)).
241
Let g = -748 - -751. Suppose -g*r + 479 = 2*r - 3*k, -91 = -r - k. List the prime factors of r.
2, 47
Let g = 125 - 95. Suppose -g*s - 122 = -32*s. Let t = 100 - s. List the prime factors of t.
3, 13
Let k(s) = -s**3 - 6*s**2 - 4*s + 7. Suppose -3*b = 2*m + 15, 3*m - 20 = 6*b - 2*b. Let a be -2 - (2 - 4 - b). List the prime factors of k(a).
2
Let z(y) = -y**3 + 45*y**2 + 13*y - 116. What are the prime factors of z(41)?
37, 193
Let y(r) = -r**2 - 5*r + 10. Let v be y(-6). Suppose -3*a + 341 = 2*t, -t + 4*a = v*t - 910. List the prime factors of t.
2, 89
Suppose 0 = -2*a + 4*a. Suppose -42*c - 112 = -58*c. Suppose -8*o + c*o + 125 = a. What are the prime factors of o?
5
Let p = 15224 - 8945. What are the prime factors of p?
3, 7, 13, 23
Suppose 3*p + p = 2856. Suppose 15*z = 18*z - p. Let m = -157 + z. List the prime factors of m.
3
Suppose 4 = o, -5*u + 8*u - 2*o = 19. Suppose 3600 = -u*y + 19*y. What are the prime factors of y?
2, 3, 5
Let k(b) = 1298103 - 1298065 + 14*b - 2*b. Let q = 12 - 0. List the prime factors of k(q).
2, 7, 13
Suppose 2*b = -33 + 25. Let q(j) = -j**3 - j**2 + 5*j - 3. Let v be q(b). Let x = v - 20. List the prime factors of x.
5
Let d = 64 + -64. Suppose d = -5*w - 25, -2*n - 2*n - 49 = w. Let b(p) = p**2 + 8*p + 15. What are the prime factors of b(n)?
2, 3
Suppose -2445 = -10*d + 3215. Let a = -288 + d. List the prime factors of a.
2, 139
Let o(i) = -7*i - 10. Let b be o(-4). Suppose 4*t = b*t - 1134. What are the prime factors of t?
3
Suppose 3*b = 15*t - 16*t + 13561, 3*t - 40643 = b. List the prime factors of t.
17, 797
Let l be 3*(-25)/30 - 255/(-10). Suppose l*d - 54530 = -18*d. List the prime factors of d.
2, 5, 7, 19
Suppose -6864 = 16*w + 17*w. Let j = w + 956. What are the prime factors of j?
2, 11, 17
Suppose 3*p - 3*h = 21117, -60*p + 63*p = 4*h + 21115. What are the prime factors of p?
3, 2347
Suppose -w + 8 = 3*a, -5*w + 1 = 2*a - 0*a. Suppose 0 = -a*k + 3*k + k. Suppose k*d + 4*d - 288 = 0. What are the prime factors of d?
2, 3
Suppose 2762 = z + 1141. List the prime factors of z.
1621
Suppose 8016 = 3*r + 5*t, 178*t = 180*t + 6. List the prime factors of r.
2677
What are the prime factors of 11304 + (-94 - -14)/8?
2, 5647
Let s = 3432 - -9074. Suppose -s = -14*w + w. What are the prime factors of w?
2, 13, 37
Let j = 37 + -40. Let a = j - -6. Suppose -a*f + 8*f - 25 = 0, f + 292 = 3*w. List the prime factors of w.
3, 11
Suppose 20*u - 968 = -24*u. Suppose 4026 = u*s - 6952. What are the prime factors of s?
499
Suppose 163254 = -33*t + 663930. What are the prime factors of t?
2, 3793
Suppose 0 = 2*f - 6*f + 204. Suppose 0 = -r + 154 - f. List the prime factors of r.
103
Let m = 41 - 38. Suppose 4 = -m*v + 13. Suppose 2*a - 4*a = -v*t + 336, -t + a = -113. List the prime factors of t.
2, 5, 11
Suppose -39*a + 43*a = -2180. Let k = a + 927. What are the prime factors of k?
2, 191
Let x = -823 + 840. Suppose 4*f + 8 = 0, 16*p - x*p = -5*f - 1352. What are the prime factors of p?
2, 11, 61
Let v(h) = 4*h**2 + 79*h - 18. Let o be v(-20). Suppose -o*c = 2*k - 1210, 5*k + c - 3017 = 4*c. What are the prime factors of k?
2, 151
Suppose d + 5*u = 8062, -2*u - 652 + 8705 = d. List the prime factors of d.
13, 619
Let f(o) = -4*o - 23. Let g be f(-8). Suppose s - 30 = -g*s. Suppose 5*y - 574 = s*z, 3*z = 3*y - 2*z - 354. What are the prime factors of y?
113
Let d be ((-23)/69)/(1/18). Let i be (d/7)/((-4)/28). Suppose 52 = i*h - 164. What are the prime factors of h?
2, 3
Let z(o) = -6*o**3 + 37*o**2 + 31*o - 61. List the prime factors of z(-12).
15263
Let w(v) = 489 - 970 + 490 - 7*v. Let a = -3 - 6. What are the prime factors of w(a)?
2, 3
Let c = -281 + 521. Suppose -11*u = -8*u - c. Suppose -19*s + 21*s - u = 0. List the prime factors of s.
2, 5
Let p(r) = -36*r - 4. Let u(n) = -n**2 + 6*n - 4. Let z be u(2). Suppose -h - z = -1. List the prime factors of p(h).
2, 13
Suppose -41*j + 75282 = -39*j - 5*t, -3*j - 4*t + 112877 = 0. List the prime factors of j.
11, 311
Suppose -5*l + 1288 + 27 = 0. Suppose -375 = -6*r - 1479. Let o = l + r. What are the prime factors of o?
79
Let d = -534 - -8330. What are the prime factors of d?
2, 1949
Suppose -193 = -5*b + 137. Let n = 1045 + b. What are the prime factors of n?
11, 101
Let t be (25828/66)/((6/(-2))/9). Let o = -94 - t. What are the prime factors of o?
2, 3, 5
Suppose 5*v + 3*i = 24 + 3, -v - 3*i = -15. Suppose -4*q = -d - 183 + 1253, 2*q = v*d - 3250. What are the prime factors of d?
2, 3, 181
What are the prime factors of 4/(-20) - -1*(5 + 405730/25)?
2, 8117
What are the prime factors of (-9065702)/(-372) + (-22)/(-12)?
2, 3, 677
Let x = 85 + -79. Suppose -4*g - 3*v + 83 = 0, 5*v + 16 - 1 = g. Let f = g - x. What are the prime factors of f?
2, 7
Let y(m) = -m**3 + 17*m**2 - 7*m + 12. Suppose -2*v + 198 = 3*n, 99 = -v + 2*v + 4*n. Let b = v - 83. List the prime factors of y(b).
2, 3, 13
Let i(n) = 3*n**3 + 2*n**2 - 5*n + 4. Let t be i(3). Suppose -2*p + t = -8. Suppose -216 = -4*u - p. What are the prime factors of u?
2, 3, 7
Suppose 7*c - 92 = -50. Suppose -4*q + h + 1091 = 0, 2*q - 538 = -c*h + 4*h. List the prime factors of q.
2, 17
Suppose -5*o = 5*d - 1690, d - 2*o - 51 = 290. Suppose -d = -n + 41. List the prime factors of n.
2, 5, 19
Let j be (-13)/((-13)/2) + (-2 - -2). Let k(u) = 11*u + 2*u**j + 15 - 3 + 17 + 6*u**2. What are the prime factors of k(-5)?
2, 3, 29
Let m(y) = 69*y**2 - 313*y - 5312. What are the prime factors of m(-19)?
2, 31, 103
Suppose 5*z = q + 708, -4*z + 24 = 2*q - 548. Suppose -z = -d + 199. What are the prime factors of d?
11, 31
Let k = 558 - 267. Let n = -147 + k. Suppose 0 = 4*y - 188 - n. What are the prime factors of y?
83
Let x(u) = -u**3 + 10*u**2 - 6*u + 4. Let c = -64 - -50. Let m be ((-36)/18)/(4/c). What are the prime factors of x(m)?
109
Suppose 2*g - 5*g = 5*n + 42, -g = -2*n + 3. Let o(d) = -d**2 - 3*d + 58. Let f be o(g). What are the prime factors of 267/f + 0 - 14/(-56)?
67
Suppose -18*z + 7704 = -36*z. Let s = -275 - z. List the prime factors of s.
3, 17
Suppose -4*t - 32*t = 10*t - 2111906. List the prime factors of t.
31, 148